{"id":22,"date":"2019-10-25T15:47:21","date_gmt":"2019-10-25T15:47:21","guid":{"rendered":"http:\/\/twilight-project.de\/?page_id=22"},"modified":"2020-05-02T12:08:36","modified_gmt":"2020-05-02T12:08:36","slug":"kontakt","status":"publish","type":"page","link":"https:\/\/twilight-project.de\/?page_id=22","title":{"rendered":"Kontakt"},"content":{"rendered":"\n<p><strong>Raimund Thuy<\/strong><br>Lahnstra\u00dfe 5<br>65520 Bad Camberg<br>Tel.: 06434 4290 <\/p>\n\n\n\n<p><strong>J\u00fcrgen Volkmar<\/strong><br>Dresdener Stra\u00dfe 6<br>65510 W\u00f6rsdorf<br>Tel.: 06126 56393 <\/p>\n\n\n\n<p>e-mail: Info@twilight-project.de<\/p>\n\n\n\n<p><\/p>\n","protected":false},"excerpt":{"rendered":"<p>Raimund ThuyLahnstra\u00dfe 565520 Bad CambergTel.: 06434 4290 J\u00fcrgen VolkmarDresdener Stra\u00dfe 665510 W\u00f6rsdorfTel.: 06126 56393 e-mail: Info@twilight-project.de<\/p>\n","protected":false},"author":1,"featured_media":0,"parent":0,"menu_order":0,"comment_status":"closed","ping_status":"closed","template":"","meta":{"footnotes":""},"class_list":["post-22","page","type-page","status-publish","hentry"],"_links":{"self":[{"href":"https:\/\/twilight-project.de\/index.php?rest_route=\/wp\/v2\/pages\/22","targetHints":{"allow":["GET"]}}],"collection":[{"href":"https:\/\/twilight-project.de\/index.php?rest_route=\/wp\/v2\/pages"}],"about":[{"href":"https:\/\/twilight-project.de\/index.php?rest_route=\/wp\/v2\/types\/page"}],"author":[{"embeddable":true,"href":"https:\/\/twilight-project.de\/index.php?rest_route=\/wp\/v2\/users\/1"}],"replies":[{"embeddable":true,"href":"https:\/\/twilight-project.de\/index.php?rest_route=%2Fwp%2Fv2%2Fcomments&post=22"}],"version-history":[{"count":4,"href":"https:\/\/twilight-project.de\/index.php?rest_route=\/wp\/v2\/pages\/22\/revisions"}],"predecessor-version":[{"id":294,"href":"https:\/\/twilight-project.de\/index.php?rest_route=\/wp\/v2\/pages\/22\/revisions\/294"}],"wp:attachment":[{"href":"https:\/\/twilight-project.de\/index.php?rest_route=%2Fwp%2Fv2%2Fmedia&parent=22"}],"curies":[{"name":"wp","href":"https:\/\/api.w.org\/{rel}","templated":true}]}}